 Let b = -336 - -338. Let n be b + -3 + (39/3 - 3). What is the greatest common factor of x and n?
1
Let w = 14158 + -13786. What is the highest common divisor of w and 6200?
124
Let y be ((-230)/15)/((-2)/(-3)). Let v = 53 + y. Suppose 2*q - 264 = -5*z, -z + v = 3*q - 15. What is the highest common divisor of 6 and z?
6
Let m(f) = -f**2 + 17*f + 65. Let o be m(20). Suppose 0 = 69*h - 65*h - 5*r - 1131, o*r = -h + 264. Calculate the greatest common factor of h and 93.
93
Let m(g) = 23*g + 912. Let l be m(-29). Calculate the greatest common factor of l and 70.
35
Let g be 21/((-273)/(-416)) - -15. Calculate the highest common factor of g and 1504.
47
Suppose 999 = 957*c + 951*c - 1899*c. Calculate the highest common factor of c and 9435.
111
Suppose 25*y + 11 - 8 = 153. Calculate the highest common factor of 1803 and y.
3
Suppose 8*z = -58 + 82. Let k be 36 + ((-1)/z)/((-3)/(-18)). What is the highest common factor of k and 187?
17
Let j(t) = -21*t + 3. Let r(p) = 64*p - 9. Let g(c) = -17*j(c) - 6*r(c). Let v be g(-1). Calculate the highest common factor of v and 15.
15
Suppose 1783 = 49*f - 1911 + 1391. Calculate the highest common factor of f and 23312.
47
Suppose 0 = 14*o - 54 - 156. Let h(u) = -u + 16. Let q(z) = -z**2 - 8*z - 5. Let f be q(-3). Let d be h(f). What is the highest common factor of o and d?
3
Let h be 17*48/5304 - 7172/(-26). Calculate the greatest common factor of 1748 and h.
92
Let k(f) = 8*f**3 - 3*f - 1. Let j be k(3). Suppose a = 1, a + j = 5*y - 3*a. Let x = y + -17. What is the highest common factor of 100 and x?
25
Let f be 40/3*(-15)/(-1). Suppose b - 3*b - 2*s = -f, b - s = 108. Suppose -a + 11 = -q, -4*a + 2*q = 14 - 62. What is the greatest common factor of b and a?
13
Let j(c) = 7*c**2 + 2*c - 10. Let t be j(3). Let x(y) = -y**3 + 17*y**2 + 23*y + 28. Let v be x(18). What is the greatest common divisor of v and t?
59
Let t = 20 + 45. Suppose -4*f + 91 = -3*g, -6*f + 3*f - g = -t. Let o = -85 - -129. Calculate the highest common factor of f and o.
22
Let j(y) = 2*y**3 - 2*y**2 - 62*y + 19. Let g be j(6). What is the greatest common divisor of g and 2023?
7
Suppose 37*y - 1232 = 33*y. Suppose 0 = -h - 10*h + y. What is the greatest common divisor of 196 and h?
28
Suppose -41*n + 24741 = -15865 - 13760. Calculate the greatest common divisor of n and 1224.
102
Let p(i) = 935*i + 917. Let q be p(17). What is the highest common factor of 36 and q?
36
Let i(l) = 2*l**2 + 9*l + 4. Let d be i(-3). Let k be -1*(7 + d)/(-1). Calculate the highest common divisor of k and 2.
2
Suppose -71*r + 70*r + 2*g = -2467, -7*r - g + 17224 = 0. Calculate the highest common divisor of r and 391.
23
Let q = 148 - 96. Let j be 1/((-3)/(-35)) + q/(-78). Suppose 96 = 2*f - 2*y, y = -2*y - 12. What is the highest common divisor of f and j?
11
Let a be -9814 + 7*50/70. Let j be a/(-51) - 32/(-12). What is the greatest common factor of 117 and j?
39
Let d be 9/((-180)/(-8)) - 623/(-5). Suppose -6*p = 39 + 21. Let a(x) = -6*x - 10. Let v be a(p). What is the greatest common divisor of d and v?
25
Let b be 2 - -93*(-28)/(-42). What is the highest common factor of b and 488?
8
Let s = 29 + -24. Suppose 0 = 8*z + s*z - 780. What is the highest common divisor of z and 75?
15
Suppose 0 = 33*v - 36*v - 153. Let d = 83 + v. What is the greatest common divisor of 40 and d?
8
Suppose 5*a - 18*o = -23*o + 575, -a = 5*o - 119. What is the highest common divisor of a and 20406?
114
Let s = -4538 - -11640. Calculate the highest common divisor of s and 53.
53
Let p = -126 + 186. Let g be 15/(p/388) + (4 - -1). Calculate the greatest common divisor of g and 18.
6
Suppose -52 = -4*y - 4*h, 28*h = 29*h + 8. Calculate the highest common divisor of y and 47649.
21
Let d be 8/20 - -46*717/(-30). Let u = d - -1927. Calculate the highest common factor of u and 46.
46
Suppose 61*x - 553 = 489 + 1032. What is the greatest common divisor of x and 25364?
34
Let p be (-2)/7 + 510/70. Suppose -p*u = -310 - 362. Suppose 3*m = 4*h - 127, 0*m - u = -3*h + 2*m. Calculate the highest common divisor of h and 374.
34
Let r be 2/8 + 666315/340. What is the greatest common factor of 616 and r?
56
Let a(f) = -281*f + 123. Let y be a(-16). Calculate the highest common divisor of 149 and y.
149
Let g be (295/(-2) + 1)/((-1)/(-2)). Let a = 35 + 433. Let f = a + g. Calculate the highest common factor of 70 and f.
35
Let d = 44665 + -44650. Calculate the greatest common divisor of d and 1205.
5
Let y be (-6 - (-76)/15)*-15. What is the highest common divisor of 1337 and y?
7
Let d be (-4)/2 + -4 - 670/(-2). Suppose 0 = 26*m - 373 - d. Calculate the greatest common divisor of m and 6.
3
Let q(s) = -4*s**2 + 39*s - 7. Let d be q(11). Let c = d - -84. Suppose -r - 1 = -3. Calculate the highest common divisor of c and r.
2
Let j(r) = r**3 - 14*r**2 + 18*r - 18. Let i(q) = 2*q - 5. Let d be i(9). Let l be j(d). What is the highest common factor of l and 517?
47
Suppose 0 = -3*q - 471*z + 470*z + 249, 0 = 3*q + 4*z - 240. What is the highest common divisor of q and 276?
12
Let r(a) = a**3 + 8*a**2 - a - 4. Let l be r(-8). Suppose l*v - v + x = 173, 0 = -5*v - 2*x + 290. What is the highest common factor of 88 and v?
8
Let v(x) = -x**3 + 15*x**2 - 15*x + 54. Let s(n) = -n**3 - 3*n**2 + 7*n - 1. Let c be s(-5). Let t be v(c). What is the greatest common divisor of t and 110?
10
Suppose 1999 = 158*m - 21*m - 8687. Let p be 104/(2 + -1 - 0). Calculate the greatest common factor of p and m.
26
Let q be 2 + -5 + (-286 - 3). Let w = q - -320. Calculate the highest common divisor of 12 and w.
4
Let q(s) be the third derivative of 27*s**5/20 - s**4/2 - 11*s**3/6 + 164*s**2. Let g be q(-1). Calculate the greatest common divisor of 820 and g.
82
Let t = -76 - -62. Let l(a) = 2*a**2 + 28*a + 111. Let y be l(t). What is the greatest common divisor of y and 148?
37
Suppose -9*q + 3*w - 7*w + 1437 = 0, 4*w = -q + 149. Calculate the greatest common divisor of 24794 and q.
161
Let v be (297/(-12))/(3/(-16)). Suppose 0 = b + 6*b + 28. Let r be ((-6)/6 - b)/(2/8). Calculate the highest common divisor of r and v.
12
Let c = 84 + -90. Let a be 4 - -1 - 312/c. Suppose -39 = 3*v - a. What is the greatest common divisor of 78 and v?
6
Let n = 24 - 1. Let p(x) = -202*x + 8397. Let g be p(41). What is the highest common factor of g and n?
23
Let k = -21154 - -41867. Calculate the greatest common divisor of 14 and k.
7
Let n = -21599 - -21603. What is the greatest common divisor of n and 18?
2
Suppose -4*c = -40 - 76. Suppose -g = -35 - c. Suppose 0*b + g = 4*b. What is the greatest common factor of b and 40?
8
Let r be -3 - (-2)/((-6)/201). Let k = r - -206. Let q be 238/56*4 + (-2 - -2). Calculate the greatest common factor of k and q.
17
Let a = -1 + 3. Suppose 0 = 3*x + 4*c - 437, a*c = 2*x - x - 139. What is the highest common factor of x and 13?
13
Let m(i) = 153*i + 2820. Let o be m(-18). Calculate the greatest common divisor of o and 4378.
22
Suppose -2*b = -5*o + 27922, 12*b = -5*o + 7*b + 27950. What is the greatest common divisor of o and 114?
114
Let c be (228/(-9))/(-8 + (-198)/(-27)). What is the greatest common factor of 5206 and c?
38
Let i = 36 + -31. Let d be (7 - i) + 154 - (-5 - -1). Calculate the highest common divisor of 10 and d.
10
Let i = 41 - 0. Suppose 0 = -1280*u - 810*u + 350*u + 1141440. What is the highest common factor of u and i?
41
Let j(k) be the second derivative of 17*k**4/12 + 3*k**3/2 + 7*k**2/2 - 2*k + 9. Let w be j(-3). Calculate the highest common factor of 19 and w.
19
Suppose 11*t - 13*t + 6 = 0. Suppose 2*l + 7 - 22 = -t*k, 4*k + 65 = 3*l. Suppose g = 41 + l. Calculate the highest common factor of g and 8.
8
Let n be (-6)/(-8)*8 - 5. Let y(x) = -2*x - 4. Let g be y(-4). Suppose 2*h - 2 = -u + 5, -5*h + 19 = g*u. Calculate the greatest common factor of u and n.
1
Let l be (-15)/(-2)*(-4)/(-10)*-5. Let t(h) = h + 99. Let s be t(l). Calculate the highest common divisor of 98 and s.
14
Let v(z) = -2*z - 1. Let l be v(-4). Let w(r) = -r + 9. Let j be w(l). Let k be (55/5)/((-1)/((-4)/j)). What is the greatest common divisor of k and 154?
22
Suppose -16*r = -17*r - 8. Let p be r + (7 - (0 - 10)). What is the greatest common divisor of 5 and p?
1
Suppose -13*m = -9*m - 1040. Le